20
In base 10, what is 352929 + -4?
352925
In base 12, what is 1b4 + -3a?
176
In base 2, what is 111110011101101 + 11?
111110011110000
In base 6, what is -3 - 2450403?
-2450410
In base 9, what is -5 + 131014?
131008
In base 16, what is 2ef8 + -67?
2e91
In base 13, what is -3371 - -2?
-336c
In base 13, what is 5b - 2b?
30
In base 8, what is 175 - -7123?
7320
In base 11, what is 2 - 75?
-73
In base 7, what is -5 - 21016?
-21024
In base 14, what is -480 + -c1?
-561
In base 7, what is -145150 + 4?
-145143
In base 4, what is 20023 + -1322013?
-1301330
In base 15, what is -58e - -216?
-378
In base 8, what is 6271 + -141?
6130
In base 10, what is 299 + 94?
393
In base 15, what is 9 + 38b4?
38bd
In base 10, what is 27 + -1629?
-1602
In base 5, what is 2 + -314440?
-314433
In base 7, what is -126635 + 1?
-126634
In base 14, what is -427 + 219?
-20c
In base 11, what is -8 - 4a1?
-4a9
In base 15, what is 16ce2 - 2?
16ce0
In base 4, what is 313301213 + 13?
313301232
In base 2, what is -10101100 - -11001011001?
10110101101
In base 14, what is ad + 2251?
2320
In base 2, what is 101010 - -11011111011?
11100100101
In base 2, what is 101010001011010011 - 1100?
101010001011000111
In base 8, what is -26747 + 17?
-26730
In base 4, what is 1133113 - 1?
1133112
In base 16, what is 78b - 1?
78a
In base 16, what is 13def + -4?
13deb
In base 8, what is -305 + 131?
-154
In base 10, what is -52 + -1607?
-1659
In base 3, what is 112201221100 + -1?
112201221022
In base 10, what is -49 - 306?
-355
In base 3, what is -1022 - 200111?
-201210
In base 16, what is -18 - 6ab2?
-6aca
In base 9, what is -12 - -1044?
1032
In base 6, what is 3 + -1245242?
-1245235
In base 2, what is 1001110010000011100 + 100?
1001110010000100000
In base 15, what is -1398 + 23?
-1375
In base 6, what is 5454 - -20101?
25555
In base 10, what is -3 + -4763?
-4766
In base 16, what is -2 - -391b?
3919
In base 8, what is -240 - -4557?
4317
In base 16, what is -46f + -b9?
-528
In base 5, what is 1043420 - -144?
1044114
In base 11, what is -18703 - 3?
-18706
In base 12, what is 124 + -4a08?
-48a4
In base 9, what is -26147 + 23?
-26124
In base 15, what is 10 + 72e7?
7307
In base 11, what is -30 - -2717?
2697
In base 4, what is 11323211 + 33?
11323310
In base 12, what is 2143a + -9?
21431
In base 11, what is 34 + -a7827?
-a77a3
In base 9, what is -170160 - -8?
-170151
In base 13, what is -19a5797 + 2?
-19a5795
In base 8, what is -2031 + 252?
-1557
In base 16, what is 6ab - 172?
539
In base 5, what is 113 - 1403?
-1240
In base 2, what is -1010 + -11010001000101100?
-11010001000110110
In base 10, what is -65 + 720?
655
In base 8, what is 10173 + 61?
10254
In base 8, what is 327515 + 5?
327522
In base 16, what is -26703 + 3?
-26700
In base 3, what is 101000220111 + 12?
101000220200
In base 6, what is 1040 - -545?
2025
In base 2, what is 101111 - 11011111000?
-11011001001
In base 13, what is 739a - -1b?
73b8
In base 7, what is 536142 + 3?
536145
In base 15, what is -5 + 9dc?
9d7
In base 14, what is -2 + 7aa7?
7aa5
In base 9, what is 123 + 5445?
5568
In base 4, what is -1 - 110111231?
-110111232
In base 16, what is -7 + -37d2?
-37d9
In base 14, what is 2cd9cb - 3?
2cd9c8
In base 12, what is 1aa04 + -17?
1a9a9
In base 8, what is -2 + -6547?
-6551
In base 6, what is 1104405 - 5?
1104400
In base 5, what is 3120123 + -2?
3120121
In base 16, what is fbaf - -2?
fbb1
In base 5, what is 10343 + 324?
11222
In base 6, what is -13332 + -31?
-13403
In base 10, what is 165856 - -5?
165861
In base 8, what is 1 - -5325216?
5325217
In base 9, what is -11660212 - 5?
-11660217
In base 12, what is 0 + 108a26?
108a26
In base 11, what is -56 - -56?
0
In base 9, what is 3 - 33455?
-33452
In base 15, what is -11d - -3ce?
2b1
In base 8, what is 345416 + 4?
345422
In base 9, what is 46 - 1340?
-1283
In base 2, what is 1001000010 + -111010011?
1101111
In base 11, what is -2 - -12a58?
12a56
In base 7, what is -4 - -2313154?
2313150
In base 14, what is -3 - 5088?
-508b
In base 5, what is -40313 - -1303?
-34010
In base 10, what is -360 - -4?
-356
In base 14, what is -3 + -28d8?
-28db
In base 15, what is -10884 + 4?
-10880
In base 11, what is 2 + 468a68?
468a6a
In base 10, what is -3 - 2978?
-2981
In base 3, what is -2120112 - -221?
-2112121
In base 2, what is 1010101000111 - -100000?
1010101100111
In base 11, what is 17 - 269?
-252
In base 14, what is -112b9 + 0?
-112b9
In base 15, what is 364 + 5e?
3c3
In base 14, what is -b + -19d6?
-1a03
In base 3, what is 1121122 + 210?
1122102
In base 6, what is 542404 + 123?
542531
In base 11, what is 5aa149 - -1?
5aa14a
In base 6, what is -32241524 - -13?
-32241511
In base 6, what is 3 + -2113520?
-2113513
In base 6, what is 2 + 310?
312
In base 3, what is 1200 + -1210110?
-1201210
In base 14, what is -45b666 - 1?
-45b667
In base 6, what is -123211 + -12?
-123223
In base 16, what is -3 - 1702?
-1705
In base 4, what is -10201310212 - 0?
-10201310212
In base 3, what is -1212120 + 22?
-1212021
In base 9, what is 562880 + 2?
562882
In base 14, what is 330 - -937?
c67
In base 9, what is 3552 + 212?
3764
In base 10, what is -43 - -191?
148
In base 8, what is -20 + 514?
474
In base 5, what is 140 + 2141124?
2141314
In base 6, what is -11525421 - 0?
-11525421
In base 5, what is -10 - -13210124?
13210114
In base 9, what is -377188 + -3?
-377202
In base 15, what is -c + -2b44?
-2b51
In base 12, what is -2aa + -b7?
-3a5
In base 13, what is 4 + 8b89?
8b90
In base 4, what is 11 + -12233201?
-12233130
In base 15, what is -3 + 8709?
8706
In base 6, what is 52242411 + 5?
52242420
In base 9, what is 6 - 21240?
-21233
In base 7, what is 322 + -15?
304
In base 3, what is 11102020221 + 10?
11102021001
In base 14, what is -1500 - -a?
-14d4
In base 12, what is 19553 + -9?
19546
In base 3, what is 222 - -121122101?
121200100
In base 10, what is 193608 - 11?
193597
In base 9, what is 10712 - -10?
10722
In base 10, what is 5 + -233090?
-233085
In base 2, what is -110 + -110110000010100?
-110110000011010
In base 3, what is -10112010 - 220?
-10120000
In base 12, what is bb2 - -33?
1025
In base 14, what is 2 + -39add?
-39adb
In base 7, what is -1 + 254230?
254226
In base 6, what is 244 - 24?
220
In base 4, what is -2 - 210332022?
-210332030
In base 2, what is 111111111011101 - 1101?
111111111010000
In base 8, what is 1 - -100444?
100445
In base 10, what is 4 - 831029?
-831025
In base 5, what is -20 - -12121442?
12121422
In base 9, what is 6020 - 1343?
4566
In base 11, what is -8 - -6132?
6125
In base 13, what is -4 + -5b84?
-5b88
In base 5, what is 4 - -1140240?
1140244
In base 4, what is 3 + -2101202121?
-2101202112
In base 3, what is -112 + 20210?
20021
In base 7, what is -1 + 642020?
642016
In base 4, what is 103 - -11332031?
11332200
In base 2, what is -110111011010000011 + -101?
-110111011010001000
In base 6, what is 1000533 + -242?
1000251
In base 2, what is -10111010 - 1?
-10111011
In base 16, what is 7 + 106f?
1076
In base 8, what is -4 + -1064110?
-1064114
In base 11, what is -923a7 + -1?
-923a8
In base 9, what is -275278 - 7?
-275286
In base 9, what is -57207 + 51?
-57146
In base 15, what is -5 + -e7a5?
-e7aa
In base 2, what is -10010111 + 10110000101?
10011101110
In base 15, what is -b40c4c - 1?
-b40c4d
In base 7, what is -21032 + 456?
-20243
In base 12, what is -14036 - 10?
-14046
In base 15, what is -a9b + -24?
-ac0
In base 5, what is 3 - -42420431?
42420434
In base 5, what is -34041 - 14?
-34110
In base 8, what is -35775 - -4?
-35771
In base 8, what is 3 + -1637667?
-1637664
In base 6, what is -3014153 + 0?
-3014153
In base 13, what is -2 + -1ba5?
-1ba7
In base 2, what is 1110 - -111100010101010?
111100010111000
In base 15, what is -25a + -246?
-4a1
In base 15, what is ae + -260?
-1a1
In base 10, what is -255 - -11821?
11566
In base 15, what is 66 - 10e?
-98
In base 10, what is -2 + -184433?
-184435
In base 2, what is 1001 + -1010101000101011?
-1010101000100010
In base 8, what is -101773 - 4?
-101777
In base 16, what is -4c + 15646?
155fa
In base 5, what is -10 + 41114010?
41114000
In base 16, what is -9 + 7117?
710e
In base 13, what is -10 - 771?
-781
In base 16, what is 12 - 60c8?
-60b6
In base 7, what is 13 - 336011?
-335665
In base 16, what is 1b944 + -8?
1b93c
In base 4, what is 2200 + -2003?
131
In base 15